2
What is the hundred thousands digit of 1133045102?
0
What is the thousands digit of 63260215?
0
What is the thousands digit of 20988662?
8
What is the millions digit of 3595224576?
5
What is the tens digit of 6178709681?
8
What is the hundreds digit of 288722951?
9
What is the millions digit of 149592027?
9
What is the hundreds digit of 63790081?
0
What is the tens digit of 2441770?
7
What is the ten millions digit of 30159098?
3
What is the tens digit of 220719772?
7
What is the millions digit of 112444360?
2
What is the hundreds digit of 49707367?
3
What is the thousands digit of 596204070?
4
What is the hundreds digit of 46138232?
2
What is the hundred thousands digit of 3854052?
8
What is the tens digit of 86981805?
0
What is the hundred thousands digit of 898986300?
9
What is the thousands digit of 30384563?
4
What is the thousands digit of 1117162148?
2
What is the millions digit of 24872407?
4
What is the thousands digit of 19223776?
3
What is the ten millions digit of 274864107?
7
What is the millions digit of 2456113437?
6
What is the ten millions digit of 196612185?
9
What is the units digit of 205135410?
0
What is the units digit of 495735081?
1
What is the units digit of 27363290?
0
What is the units digit of 594740228?
8
What is the hundred thousands digit of 69773827?
7
What is the ten thousands digit of 6307829819?
2
What is the thousands digit of 1566005679?
5
What is the thousands digit of 226558267?
8
What is the hundred millions digit of 127628513?
1
What is the tens digit of 5740371092?
9
What is the millions digit of 15632473?
5
What is the ten millions digit of 146236017?
4
What is the units digit of 95923474?
4
What is the ten millions digit of 222390617?
2
What is the millions digit of 61023373?
1
What is the millions digit of 454150843?
4
What is the ten thousands digit of 33865887?
6
What is the units digit of 1227618122?
2
What is the millions digit of 63557135?
3
What is the ten millions digit of 427986728?
2
What is the thousands digit of 722920353?
0
What is the ten millions digit of 68973559?
6
What is the ten millions digit of 287162505?
8
What is the millions digit of 10241792?
0
What is the hundred thousands digit of 94758394?
7
What is the hundred thousands digit of 1642418217?
4
What is the ten thousands digit of 1942174380?
7
What is the ten thousands digit of 390804063?
0
What is the hundred millions digit of 335301595?
3
What is the ten millions digit of 50152368?
5
What is the hundred thousands digit of 49158090?
1
What is the hundred millions digit of 633462045?
6
What is the millions digit of 744743884?
4
What is the millions digit of 1246098371?
6
What is the tens digit of 32203711?
1
What is the ten millions digit of 299901205?
9
What is the hundreds digit of 35078272?
2
What is the ten millions digit of 3244204966?
4
What is the ten millions digit of 64824119?
6
What is the hundred millions digit of 833796702?
8
What is the ten millions digit of 3652256711?
5
What is the ten millions digit of 1603645192?
0
What is the tens digit of 4366342920?
2
What is the hundreds digit of 7392212?
2
What is the hundreds digit of 209234277?
2
What is the tens digit of 156000236?
3
What is the thousands digit of 328081183?
1
What is the ten millions digit of 94831042?
9
What is the millions digit of 141632742?
1
What is the units digit of 2034099206?
6
What is the hundreds digit of 140873526?
5
What is the hundred thousands digit of 144100801?
1
What is the units digit of 28395072?
2
What is the units digit of 28965676?
6
What is the hundreds digit of 4364179874?
8
What is the tens digit of 439668362?
6
What is the hundred millions digit of 1826636755?
8
What is the units digit of 95981566?
6
What is the thousands digit of 759319846?
9
What is the ten thousands digit of 877800605?
0
What is the hundred millions digit of 1132787827?
1
What is the billions digit of 3439831979?
3
What is the thousands digit of 1386746045?
6
What is the ten millions digit of 110162232?
1
What is the hundred millions digit of 6593213357?
5
What is the units digit of 1707334236?
6
What is the units digit of 84875658?
8
What is the ten millions digit of 148823598?
4
What is the hundred millions digit of 3388790227?
3
What is the units digit of 481079060?
0
What is the hundred thousands digit of 70961256?
9
What is the thousands digit of 832092506?
2
What is the thousands digit of 276938579?
8
What is the units digit of 62175719?
9
What is the billions digit of 3370148655?
3
What is the thousands digit of 4187882?
7
What is the tens digit of 242537376?
7
What is the ten millions digit of 126512271?
2
What is the units digit of 85566266?
6
What is the ten millions digit of 27564171?
2
What is the units digit of 590377302?
2
What is the ten millions digit of 511958234?
1
What is the ten millions digit of 1194353127?
9
What is the millions digit of 48970382?
8
What is the ten millions digit of 2979356935?
7
What is the hundreds digit of 433527106?
1
What is the hundreds digit of 450000026?
0
What is the thousands digit of 10120862?
0
What is the hundreds digit of 105826546?
5
What is the hundred thousands digit of 17569416?
5
What is the thousands digit of 111276?
1
What is the ten thousands digit of 761302650?
0
What is the millions digit of 219258917?
9
What is the ten thousands digit of 179965771?
6
What is the tens digit of 201487754?
5
What is the units digit of 78880834?
4
What is the hundreds digit of 41620774?
7
What is the thousands digit of 2213340153?
0
What is the thousands digit of 911012865?
2
What is the ten millions digit of 22779244?
2
What is the ten millions digit of 130703278?
3
What is the hundreds digit of 13458170?
1
What is the millions digit of 106943178?
6
What is the thousands digit of 681262802?
2
What is the hundred millions digit of 295575464?
2
What is the thousands digit of 431344763?
4
What is the hundred millions digit of 1173978889?
1
What is the units digit of 75300029?
9
What is the units digit of 479957947?
7
What is the hundred millions digit of 385229140?
3
What is the millions digit of 117270830?
7
What is the ten millions digit of 659212237?
5
What is the hundred thousands digit of 294820482?
8
What is the ten thousands digit of 80065770?
6
What is the hundreds digit of 70633559?
5
What is the hundred thousands digit of 18863633?
8
What is the ten thousands digit of 13178786?
7
What is the thousands digit of 77972215?
2
What is the hundred thousands digit of 1192741486?
7
What is the hundred thousands digit of 260082715?
0
What is the millions digit of 727468909?
7
What is the tens digit of 1542897562?
6
What is the hundreds digit of 77238075?
0
What is the hundred millions digit of 834724947?
8
What is the hundreds digit of 661865886?
8
What is the tens digit of 393376635?
3
What is the ten thousands digit of 47337202?
3
What is the millions digit of 143374331?
3
What is the tens digit of 66501675?
7
What is the ten thousands digit of 642395866?
9
What is the ten millions digit of 4145935439?
4
What is the tens digit of 105996996?
9
What is the units digit of 269128394?
4
What is the hundred millions digit of 233343038?
2
What is the hundreds digit of 41945044?
0
What is the millions digit of 9900715?
9
What is the hundred millions digit of 1361916694?
3
What is the ten thousands digit of 169467410?
6
What is the ten millions digit of 80876858?
8
What is the ten thousands digit of 345377395?
7
What is the hundred thousands digit of 2149898?
1
What is the hundred thousands digit of 179430445?
4
What is the hundreds digit of 132477555?
5
What is the tens digit of 304881991?
9
What is the hundred thousands digit of 339943810?
9
What is the hundred millions digit of 1215862980?
2
What is the units digit of 529064639?
9
What is the ten thousands digit of 35431750?
3
What is the hundred thousands digit of 6446768503?
7
What is the millions digit of 89251221?
9
What is the ten thousands digit of 869979267?
7
What is the millions digit of 997756672?
7
What is the ten millions digit of 440203934?
4
What is the hundred thousands digit of 8210118697?
1
What is the hundreds digit of 9365873?
8
What is the ten thousands digit of 501016299?
1
What is the ten thousands digit of 1811226072?
2
What is the ten 